of 916204?
6
What is the hundred thousands digit of 836400?
8
What is the units digit of 16936033?
3
What is the tens digit of 1404410?
1
What is the hundreds digit of 187241?
2
What is the units digit of 1602967?
7
What is the hundreds digit of 3042657?
6
What is the hundred thousands digit of 26345033?
3
What is the hundred thousands digit of 394114?
3
What is the hundred thousands digit of 5253247?
2
What is the tens digit of 363774?
7
What is the tens digit of 34309?
0
What is the tens digit of 16600691?
9
What is the ten thousands digit of 24909190?
0
What is the hundreds digit of 924576?
5
What is the thousands digit of 1902540?
2
What is the millions digit of 1395723?
1
What is the millions digit of 14390508?
4
What is the thousands digit of 26196?
6
What is the thousands digit of 368905?
8
What is the thousands digit of 137338?
7
What is the hundred thousands digit of 202078?
2
What is the tens digit of 800910?
1
What is the tens digit of 1965589?
8
What is the millions digit of 1019275?
1
What is the thousands digit of 1247950?
7
What is the units digit of 1521002?
2
What is the ten thousands digit of 3327420?
2
What is the units digit of 293342?
2
What is the hundred thousands digit of 135793?
1
What is the units digit of 227071?
1
What is the hundred thousands digit of 540722?
5
What is the units digit of 49629?
9
What is the ten thousands digit of 6771288?
7
What is the units digit of 459596?
6
What is the hundreds digit of 858126?
1
What is the hundreds digit of 252348?
3
What is the ten thousands digit of 3370941?
7
What is the thousands digit of 7977990?
7
What is the tens digit of 4833206?
0
What is the units digit of 663358?
8
What is the hundred thousands digit of 4563803?
5
What is the hundred thousands digit of 172121?
1
What is the units digit of 343381?
1
What is the tens digit of 9203692?
9
What is the hundred thousands digit of 2447546?
4
What is the ten thousands digit of 386337?
8
What is the units digit of 15289?
9
What is the hundred thousands digit of 13071107?
0
What is the units digit of 46282?
2
What is the hundreds digit of 2852012?
0
What is the hundred thousands digit of 320858?
3
What is the units digit of 9317639?
9
What is the hundreds digit of 89485?
4
What is the units digit of 378731?
1
What is the millions digit of 44302088?
4
What is the hundreds digit of 204177?
1
What is the millions digit of 1224777?
1
What is the millions digit of 21269221?
1
What is the thousands digit of 307944?
7
What is the ten thousands digit of 170259?
7
What is the units digit of 14575222?
2
What is the millions digit of 20821072?
0
What is the units digit of 126486?
6
What is the units digit of 549179?
9
What is the ten thousands digit of 249319?
4
What is the tens digit of 1605710?
1
What is the hundreds digit of 1141444?
4
What is the ten millions digit of 39983452?
3
What is the hundreds digit of 735256?
2
What is the hundred thousands digit of 275006?
2
What is the millions digit of 2379762?
2
What is the tens digit of 11821518?
1
What is the hundred thousands digit of 2819784?
8
What is the tens digit of 16139?
3
What is the units digit of 22865?
5
What is the units digit of 124813?
3
What is the millions digit of 5797962?
5
What is the tens digit of 7811297?
9
What is the hundred thousands digit of 7700197?
7
What is the hundred thousands digit of 2539455?
5
What is the tens digit of 823419?
1
What is the ten thousands digit of 775337?
7
What is the units digit of 361869?
9
What is the thousands digit of 118654?
8
What is the ten thousands digit of 3897037?
9
What is the hundred thousands digit of 8242771?
2
What is the ten thousands digit of 7566255?
6
What is the hundred thousands digit of 1439540?
4
What is the hundred thousands digit of 19806314?
8
What is the tens digit of 11953612?
1
What is the thousands digit of 156413?
6
What is the hundreds digit of 1535499?
4
What is the millions digit of 1850968?
1
What is the tens digit of 960389?
8
What is the hundreds digit of 2077675?
6
What is the ten thousands digit of 138785?
3
What is the units digit of 4654102?
2
What is the millions digit of 3744716?
3
What is the units digit of 21107?
7
What is the units digit of 28459758?
8
What is the ten thousands digit of 1053538?
5
What is the hundreds digit of 955483?
4
What is the hundred thousands digit of 9747338?
7
What is the ten thousands digit of 5203473?
0
What is the ten thousands digit of 1930004?
3
What is the units digit of 254062?
2
What is the thousands digit of 781248?
1
What is the tens digit of 1788718?
1
What is the thousands digit of 127231?
7
What is the thousands digit of 1048020?
8
What is the hundred thousands digit of 2950312?
9
What is the hundreds digit of 7338890?
8
What is the tens digit of 15782897?
9
What is the ten thousands digit of 2106912?
0
What is the hundred thousands digit of 166369?
1
What is the hundred thousands digit of 514627?
5
What is the thousands digit of 833906?
3
What is the ten thousands digit of 31425?
3
What is the units digit of 2810710?
0
What is the hundred thousands digit of 14664258?
6
What is the units digit of 567642?
2
What is the millions digit of 1458539?
1
What is the tens digit of 2571?
7
What is the hundreds digit of 115722?
7
What is the hundreds digit of 1329096?
0
What is the hundred thousands digit of 301473?
3
What is the thousands digit of 69114?
9
What is the millions digit of 3778521?
3
What is the millions digit of 20418085?
0
What is the units digit of 67262?
2
What is the hundred thousands digit of 487139?
4
What is the hundred thousands digit of 16547439?
5
What is the tens digit of 4209107?
0
What is the millions digit of 7998592?
7
What is the hundred thousands digit of 754897?
7
What is the millions digit of 4137661?
4
What is the thousands digit of 345270?
5
What is the tens digit of 20307071?
7
What is the hundreds digit of 15856205?
2
What is the thousands digit of 14159093?
9
What is the thousands digit of 7932138?
2
What is the millions digit of 1273693?
1
What is the hundreds digit of 22315512?
5
What is the hundreds digit of 91881?
8
What is the hundreds digit of 27797582?
5
What is the units digit of 3776230?
0
What is the ten millions digit of 14245407?
1
What is the tens digit of 18800145?
4
What is the ten millions digit of 24925592?
2
What is the millions digit of 5142872?
5
What is the hundred thousands digit of 23442335?
4
What is the ten thousands digit of 23915458?
1
What is the units digit of 242026?
6
What is the thousands digit of 14146559?
6
What is the units digit of 3567679?
9
What is the tens digit of 304817?
1
What is the thousands digit of 320896?
0
What is the units digit of 179929?
9
What is the thousands digit of 2806276?
6
What is the ten thousands digit of 257756?
5
What is the thousands digit of 225986?
5
What is the ten millions digit of 32630083?
3
What is the units digit of 110292?
2
What is the ten thousands digit of 6068074?
6
What is the ten millions digit of 12230089?
1
What is the tens digit of 16961701?
0
What is the ten millions digit of 15854495?
1
What is the hundred thousands digit of 18933896?
9
What is the thousands digit of 10490138?
0
What is the units digit of 14700922?
2
What is the hundred thousands digit of 403293?
4
What is the hundreds digit of 109238?
2
What is the ten millions digit of 14945766?
1
What is the hundred thousands digit of 1593249?
5
What is the units digit of 215274?
4
What is the hundred thousands digit of 646105?
6
What is the hundreds digit of 1335366?
3
What is the hundreds digit of 6897503?
5
What is the hundreds digit of 458495?
4
What is the ten thousands digit of 7816754?
1
What is the hundreds digit of 3205193?
1
What is the hundred thousands digit of 4117985?
1
What is the units digit of 249032?
2
What is the hundreds digit of 269926?
9
What is the tens digit of 95232?
3
What is the tens digit of 25340650?
5
What is the units digit of 660188?
8
What is the millions digit of 1134050?
1
What is the hundreds digit of 4993893?
8
What is the hundred thousands digit of 137382?
1
What is the thousands digit of 1251117?
1
What is the hundred thousands digit of 1275718?
2
What is the thousands digit of 3350013?
0
What is the millions digit of 1960246?
1
What is the ten